ded by ((-3)/d)/((-2)/12)?
0
Suppose 14 = 3*t - t. Suppose y + t*c - 2*c = 22, -4*c + 16 = 0. Suppose y*i = -h + 5, -2*i - 61 = -3*h - 2*h. What is the remainder when 31 is divided by h?
9
Suppose 0 = 8*o - 5*o - 57. What is the remainder when 40 is divided by o?
2
Let a(r) = r**3 + 6*r**2 + 4*r. Let s be -1 + 3 - (-1 - 0). Suppose w = -s*w + 188. Calculate the remainder when w is divided by a(-4).
15
Calculate the remainder when (-574)/(-6) - (1 - (-12)/(-9)) is divided by 14.
12
Let g(u) = -u**3 - 5*u**2 + 3*u - 4. What is the remainder when 54 is divided by g(-6)?
12
Let z = -7 - -13. What is the remainder when 22 is divided by z?
4
Let x be ((-5)/(-2) + -3)*0. Suppose x = c - 2*c + 3. Calculate the remainder when c is divided by 2.
1
Let f(n) = -n**2 - 10*n - 2. Suppose -3*o + 56 = -25. What is the remainder when o is divided by f(-8)?
13
Suppose 34 = a + 4*b, 8*a = 3*a + 5*b + 170. What is the remainder when a is divided by 7?
6
Suppose -5*r + 4*r = -30. What is the remainder when 87 is divided by r?
27
Let r = 50 + -29. What is the remainder when 59 is divided by r?
17
What is the remainder when (-1 - -2)/(-2 - -1) + 35 is divided by 18?
16
Suppose 3*f - 486 = 174. What is the remainder when 3*-1*f/(-33) is divided by 8?
4
Let b be (-22)/(-10) - (-3)/(-15). Suppose 0 = -0*c - b*c. Suppose 3*w + 4*r = 58, 4*w + 3*r + 2*r - 78 = c. Calculate the remainder when w is divided by 8.
6
Let c = -6 + 14. Suppose 5*o + x - 3 = o, -2*x - 6 = 2*o. Suppose -4*b = -o*w, -2*b + 5*w + 0 - c = 0. What is the remainder when b is divided by 1?
0
Suppose 0 = -3*v - 3*r - 18, -20 = 3*r + r. Let s be (2 - 1)/(v/6). What is the remainder when 7 is divided by (s/(-10))/((-2)/(-10))?
1
Let l(p) = -p**2 + 15*p + 3. What is the remainder when l(12) is divided by 14?
11
Suppose 3*v = 5*v - 4. Suppose -v*h + 25 = 9. Let j(b) = -b**2 + 6*b - 2. What is the remainder when h is divided by j(5)?
2
Suppose -5*p = -j - 28, 5 = p - j + 1. Let x be (-1 - -2)*(0 - -13). Let w = -3 + x. What is the remainder when w is divided by p?
4
Let h(c) = -c**2 + 16*c - 9. What is the remainder when 18 is divided by h(15)?
0
What is the remainder when (-2*(-26)/6)/(36/54) is divided by 7 - 0/(1 - 5)?
6
Let v be (0*1/3)/(-2). Suppose 0*b = -4*b + 12, 4*y + 5*b = 15. Suppose v*t + 3*t - 21 = y. Calculate the remainder when 12 is divided by t.
5
Suppose x = 21 - 5. Calculate the remainder when 62/589 - (-1174)/38 is divided by x.
15
Suppose -4*m - 2*s = -0 - 16, 2*m = s + 8. Suppose 4*u - 4*h = -68, 5*u + 5*h = h - 58. Let q = u + 20. What is the remainder when q is divided by m?
2
Let x = -77 - -110. Calculate the remainder when 64 is divided by x.
31
Let f(k) be the first derivative of 133*k**2/2 + k - 4. Let j be f(1). Suppose -g = 4*a - 35, -2*a - 8 + j = 4*g. What is the remainder when g is divided by 17?
14
Suppose 2*q - 5*u + 3 = 21, 4*q = 2*u + 52. What is the remainder when 53 is divided by q?
11
Suppose -4*b + 31 + 37 = 0. What is the remainder when 63 is divided by b?
12
Suppose 4*q - 2*k + 2 = 0, q - 4*q + 26 = 4*k. Suppose -q*i = -4*i + 18. Calculate the remainder when 17 is divided by i.
8
Calculate the remainder when 600/(-45)*(0 - 48/10) is divided by 18.
10
What is the remainder when 0 - 4 - 11*-1 is divided by 4?
3
Let d(g) = 5*g**2 - 4*g + 2. What is the remainder when 25 is divided by d(2)?
11
Let q(g) = g**2 + 2*g - 5. Let i be q(-4). What is the remainder when ((-2)/i)/(10/(-1005)) is divided by 17?
16
Suppose -2*l - 20 = -7*l. Suppose -t = l*t - 10. Suppose -4*p + 19 = -5*i, 4*p - 5*i = -t*i + 21. Calculate the remainder when 17 is divided by p.
5
Let n = -14 - -21. Suppose 3*f - n = -1. What is the remainder when f is divided by 2*(0 - (-2 + 1))?
0
Suppose 22 = -3*s + q - 6*q, -5*s = -5*q - 30. Suppose -s = 3*p - 2*x + x, -2*p + 2*x = -2. What is the remainder when (-97)/(-6) - p/(-6) is divided by 9?
7
Suppose 4 = -4*b + 2*v + 2*v, -4 = -v. Suppose 0 = 5*j - b*j - 168. Suppose -28 = 4*u + 4*i - j, -2*u - 3*i = -32. What is the remainder when u is divided by 4?
2
Suppose 597 = 13*c - 326. Calculate the remainder when c is divided by 26.
19
Suppose -2 = -g - 4*r, 5*r = -2*g + 3*r + 4. Let u be 4*4/(-6)*-6. Suppose u = 4*y, j - 3*y + 4 = -6. What is the remainder when j is divided by g?
0
Calculate the remainder when 2*((-22)/55 - (-239)/10) is divided by 12.
11
Let w(t) = -t**3 + 6*t**2 + 4. Let c be w(6). Suppose q = 5*p - 50, -q + 5*q - 40 = -c*p. Calculate the remainder when p is divided by 12*((-2)/(-4))/1.
4
Suppose -8 = -2*y - 4*w, -2*y = 3*w - 1 - 12. What is the remainder when (-164)/6*(-3)/2 is divided by y?
13
Suppose 5*g - 158 = -33. Suppose -7*t + g = -2*t. Suppose -t*v = -v - 196. Calculate the remainder when v is divided by 17.
15
Let n(x) = -x - 29. Let c be n(0). Let q = c + 47. What is the remainder when q is divided by 7?
4
Let w = -38 + 106. What is the remainder when w is divided by 35?
33
Let g(o) = o**3 + 8*o**2 - o - 6. Let c(l) = l**3 - 8*l**2 + l - 6. What is the remainder when g(-8) is divided by c(8)?
0
Suppose -3*c + 1 + 55 = h, c + 224 = 4*h. Let u = 53 + -34. What is the remainder when h is divided by u?
18
Let s(l) = -l + 2. Let j be s(-2). Suppose j*k - 6 = 2. Let a = 14 - k. What is the remainder when a is divided by 7?
5
Suppose 0*o - 4*o = -52. What is the remainder when 38 is divided by o?
12
Let y be 2/(-5) - (-54)/10. Suppose 0*r = -y*r - 3*m + 32, -r + 16 = 3*m. What is the remainder when 11 is divided by r?
3
Let j(f) = -f**3 - 12*f**2 + 8. What is the remainder when 2/(-7) + 326/14 is divided by j(-12)?
7
Suppose 4*j + 4*h = 92, j + j - 2*h = 58. Let g be (-2 - -2)/(-2) - -3. Suppose -g = -z + 6. Calculate the remainder when j is divided by z.
8
Let f = 11 - -6. Suppose f = 3*c - 7. Calculate the remainder when 22 is divided by c.
6
Suppose -70 = -25*v + 20*v. Let a be (-1*2 + 2)/(-2). Suppose a = -2*p + 2*c + 86, 0 = -3*p - 4*c + 103 + 12. What is the remainder when p is divided by v?
13
Suppose n - 12 = 5*n. Calculate the remainder when 66 is divided by -17*(n/(-3))/(-1).
15
Let q = 21 - 19. What is the remainder when 7 is divided by q?
1
Let b(n) = n**3 - 6*n**2 - 6*n + 3. Suppose c - 4*r = -0*r - 2, 0 = -4*r + 4. Suppose 0 = -c*m - 1 + 15. Calculate the remainder when b(m) is divided by 6.
4
Calculate the remainder when ((-4)/2)/(-1) - -17 is divided by 11.
8
Let t(y) = 2*y - 8. Suppose 3*n - 8*n + 35 = 0. What is the remainder when 22 is divided by t(n)?
4
Let v(d) = -d - 3. Let b be v(-5). Let l = b - 0. Let m(g) = g + 1. Calculate the remainder when m(l) is divided by 2.
1
Let n(u) = -11*u**3 + u**2. What is the remainder when (3 - 0/4) + 43 is divided by n(-1)?
10
Let t = -35 + 49. Let w be 135/12 + 1/(-4). Suppose -2*l + w + 41 = 0. What is the remainder when l is divided by t?
12
Let b = 91 + -77. What is the remainder when b is divided by 5?
4
Let u(q) = q**2 + 12*q + 24. Calculate the remainder when 11 is divided by u(-10).
3
Suppose -70 = -5*m + 2*z, -5*m - 3*z = -2*z - 85. What is the remainder when 45 is divided by m?
13
Let m(a) = -a - 3. Let c be m(-7). Let x = c + 3. Calculate the remainder when x is divided by 5.
2
Suppose 0*p - 303 = -3*p. Calculate the remainder when p is divided by 17.
16
Suppose 11*l + 114 = 13*l. What is the remainder when l is divided by 29?
28
Suppose 5*v = -4*f - 83 + 223, -5*f = -3*v - 175. Calculate the remainder when f is divided by 18.
17
Suppose -5*u - 73 = -6*u - 4*o, -131 = -2*u - 5*o. Calculate the remainder when u is divided by 29.
24
Suppose -55 = 5*v + 4*n, -v + 0*n + 13 = -4*n. Let g(x) = -x**2 - 11*x - 4. What is the remainder when g(v) is divided by 9?
6
Let s(o) = -o**2 - 8*o + 6. Let f be s(-9). Let z(y) = y**3 + 3*y**2 + y + 1. Let m be z(f). What is the remainder when (47 + -3)/(-1 - m) is divided by 15?
14
Suppose -d + 15 + 10 = 0. What is the remainder when d is divided by 7?
4
Let j be 6/(-4)*20/(-6). Suppose -2*o + 7 = -9. Suppose -j*s + o = -47. Calculate the remainder when 21 is divided by s.
10
Suppose -2*y + 306 = -0*y. Suppose -r + y = 2*r. Let x = 85 - r. Calculate the remainder when x is divided by 12.
10
Suppose 0 = -2*o + 77 + 47. Calculate the remainder when o is divided by 33.
29
Let q = -3 + 6. Let h = q - 1. What is the remainder when 4 is divi